What is the units digit of 20049264?
4
What is the tens digit of 2132423?
2
What is the hundreds digit of 8239002?
0
What is the tens digit of 1346601?
0
What is the tens digit of 11936969?
6
What is the hundred thousands digit of 153206?
1
What is the hundreds digit of 14736790?
7
What is the thousands digit of 2060140?
0
What is the tens digit of 67557?
5
What is the ten thousands digit of 293792?
9
What is the thousands digit of 51230?
1
What is the thousands digit of 171530?
1
What is the thousands digit of 203865?
3
What is the tens digit of 12141536?
3
What is the thousands digit of 1351208?
1
What is the units digit of 191472?
2
What is the hundreds digit of 40532670?
6
What is the hundreds digit of 2761823?
8
What is the hundreds digit of 264551?
5
What is the hundred thousands digit of 255460?
2
What is the tens digit of 14482?
8
What is the units digit of 25206005?
5
What is the ten thousands digit of 1806242?
0
What is the units digit of 15704?
4
What is the thousands digit of 444155?
4
What is the tens digit of 701044?
4
What is the thousands digit of 52635?
2
What is the hundred thousands digit of 111254?
1
What is the units digit of 1934919?
9
What is the units digit of 983309?
9
What is the ten thousands digit of 125980?
2
What is the thousands digit of 163252?
3
What is the ten thousands digit of 6283869?
8
What is the ten thousands digit of 273845?
7
What is the hundreds digit of 319271?
2
What is the hundreds digit of 122000?
0
What is the hundreds digit of 1179069?
0
What is the tens digit of 60297?
9
What is the hundred thousands digit of 2656715?
6
What is the thousands digit of 11568010?
8
What is the millions digit of 2033718?
2
What is the units digit of 8231520?
0
What is the units digit of 16879232?
2
What is the thousands digit of 144747?
4
What is the tens digit of 1173999?
9
What is the ten thousands digit of 441668?
4
What is the hundred thousands digit of 11277205?
2
What is the tens digit of 2574022?
2
What is the units digit of 3821129?
9
What is the units digit of 2501148?
8
What is the tens digit of 1326400?
0
What is the thousands digit of 584832?
4
What is the hundred thousands digit of 712596?
7
What is the hundreds digit of 199419?
4
What is the units digit of 7644287?
7
What is the millions digit of 1145414?
1
What is the millions digit of 2802105?
2
What is the tens digit of 3945475?
7
What is the units digit of 4819854?
4
What is the tens digit of 8069828?
2
What is the ten thousands digit of 305765?
0
What is the hundreds digit of 11936943?
9
What is the tens digit of 4835138?
3
What is the thousands digit of 4043389?
3
What is the hundred thousands digit of 398287?
3
What is the ten thousands digit of 114798?
1
What is the thousands digit of 901240?
1
What is the hundreds digit of 1846190?
1
What is the hundred thousands digit of 238080?
2
What is the units digit of 160918?
8
What is the ten thousands digit of 5979418?
7
What is the hundreds digit of 1639796?
7
What is the ten thousands digit of 339310?
3
What is the units digit of 8843288?
8
What is the hundreds digit of 140842?
8
What is the hundreds digit of 515562?
5
What is the ten thousands digit of 142983?
4
What is the ten thousands digit of 11087003?
8
What is the millions digit of 6053769?
6
What is the ten thousands digit of 2002505?
0
What is the thousands digit of 190184?
0
What is the units digit of 954080?
0
What is the tens digit of 2445844?
4
What is the hundreds digit of 89545?
5
What is the millions digit of 3730925?
3
What is the ten thousands digit of 287710?
8
What is the hundreds digit of 25367334?
3
What is the tens digit of 22908528?
2
What is the millions digit of 12469300?
2
What is the units digit of 15366884?
4
What is the units digit of 8617832?
2
What is the hundreds digit of 3449684?
6
What is the hundreds digit of 5008288?
2
What is the tens digit of 3106365?
6
What is the hundred thousands digit of 3094637?
0
What is the hundreds digit of 397408?
4
What is the thousands digit of 6863105?
3
What is the units digit of 33910?
0
What is the thousands digit of 10833287?
3
What is the tens digit of 233780?
8
What is the tens digit of 561092?
9
What is the units digit of 737856?
6
What is the ten thousands digit of 8857161?
5
What is the ten thousands digit of 406393?
0
What is the hundred thousands digit of 228845?
2
What is the ten thousands digit of 342204?
4
What is the ten thousands digit of 653186?
5
What is the tens digit of 990955?
5
What is the hundreds digit of 665717?
7
What is the ten thousands digit of 158970?
5
What is the units digit of 398047?
7
What is the hundred thousands digit of 9208305?
2
What is the tens digit of 159241?
4
What is the hundred thousands digit of 152140?
1
What is the tens digit of 193926?
2
What is the hundreds digit of 202553?
5
What is the hundred thousands digit of 5837855?
8
What is the hundreds digit of 11131916?
9
What is the units digit of 510680?
0
What is the units digit of 337385?
5
What is the hundreds digit of 8800665?
6
What is the ten millions digit of 36040637?
3
What is the thousands digit of 552955?
2
What is the hundreds digit of 2061581?
5
What is the units digit of 139198?
8
What is the ten thousands digit of 180812?
8
What is the hundred thousands digit of 140124?
1
What is the thousands digit of 1214278?
4
What is the tens digit of 2752813?
1
What is the tens digit of 1656313?
1
What is the ten thousands digit of 658544?
5
What is the ten thousands digit of 3876926?
7
What is the ten thousands digit of 4890617?
9
What is the tens digit of 1930501?
0
What is the hundred thousands digit of 510247?
5
What is the ten thousands digit of 23317119?
1
What is the tens digit of 149138?
3
What is the units digit of 981993?
3
What is the thousands digit of 128820?
8
What is the thousands digit of 472303?
2
What is the hundreds digit of 266383?
3
What is the ten millions digit of 14714752?
1
What is the units digit of 104591?
1
What is the thousands digit of 176422?
6
What is the hundred thousands digit of 508905?
5
What is the units digit of 90421?
1
What is the hundreds digit of 284416?
4
What is the ten thousands digit of 457863?
5
What is the units digit of 409883?
3
What is the thousands digit of 65314?
5
What is the millions digit of 8785409?
8
What is the ten thousands digit of 149782?
4
What is the thousands digit of 24800414?
0
What is the hundred thousands digit of 696332?
6
What is the units digit of 489982?
2
What is the units digit of 1231920?
0
What is the tens digit of 3137384?
8
What is the tens digit of 5048993?
9
What is the ten thousands digit of 24666300?
6
What is the units digit of 5437728?
8
What is the hundred thousands digit of 4534405?
5
What is the tens digit of 16288581?
8
What is the hundreds digit of 2948944?
9
What is the hundreds digit of 2045088?
0
What is the units digit of 4610?
0
What is the thousands digit of 2908114?
8
What is the thousands digit of 8197663?
7
What is the ten thousands digit of 157026?
5
What is the hundreds digit of 88849?
8
What is the units digit of 25093?
3
What is the tens digit of 386302?
0
What is the hundreds digit of 9054?
0
What is the units digit of 3625137?
7
What is the hundred thousands digit of 667652?
6
What is the ten thousands digit of 3037302?
3
What is the hundred thousands digit of 190591?
1
What is the hundreds digit of 1638194?
1
What is the tens digit of 3990816?
1
What is the thousands digit of 55327?
5
What is the hundreds digit of 223960?
9
What is the hundreds digit of 4090931?
9
What is the units digit of 108912?
2
What is the ten millions digit of 10812398?
1
What is the tens digit of 227310?
1
What is the thousands digit of 159517?
9
What is the units digit of 271661?
1
What is the thousands digit of 290635?
0
What is the millions digit of 9213398?
9
What is the units digit of 936534?
4
What is the hundreds digit of 422436?
4
What is the units digit of 583500?
0
What is the hundred thousands digit of 2459644?
4
What is the tens digit of 259144?
4
What is the units digit of 22305158?
8
What is the hundred thousands digit of 928806?
9
What is the hundreds digit of 229095?
0
What is the thousands digit of 846927?
6
What is the ten thousands digit of 206520?
0
What is the tens digit of 3137